{"id":1037,"date":"2021-12-03T19:56:49","date_gmt":"2021-12-03T22:56:49","guid":{"rendered":"https:\/\/isfdyt145-bue.infd.edu.ar\/sitio\/?page_id=1037"},"modified":"2021-12-07T22:14:28","modified_gmt":"2021-12-08T01:14:28","slug":"profesorado-de-psicologia","status":"publish","type":"page","link":"https:\/\/isfdyt145-bue.infd.edu.ar\/sitio\/profesorado-de-psicologia\/","title":{"rendered":"Profesorado de Psicolog\u00eda"},"content":{"rendered":"\n<p>Descripci\u00f3n<\/p>\n\n\n\n<p>Profesorado de educaci\u00f3n secundaria en psicolog\u00eda ser\u00e1 un profesional capaz de asumirse y asumir con disposici\u00f3n la tarea docente, integrando saberes complejos y actuales en relaci\u00f3n a los procesos de desarrollo, teor\u00edas y escuelas psicol\u00f3gicas que los sustentan, la construcci\u00f3n de la personalidad, los procesos de ense\u00f1anza y aprendizaje. Esta construcci\u00f3n se articular\u00e1 en los diferentes \u00e1mbitos socioculturales con los cuales interact\u00faa permanentemente, considerando la influencia de los grupos, organizaciones e instituciones en la formaci\u00f3n de subjetividades y producciones culturales.<\/p>\n\n\n\n<p>Profesorado de educaci\u00f3n secundaria en psicolog\u00eda tiene por lo tanto la misi\u00f3n formar profesionales competentes en el desempe\u00f1o del rol docente, capaces de desarrollar sus tareas junto a p\u00faberes y adolescentes, acompa\u00f1\u00e1ndolos tanto en el aprendizaje de contenidos vinculados al campo de la psicolog\u00eda como en las diferentes opciones ante la vida desde la funci\u00f3n orientadora, funci\u00f3n ligada a todo docente que trabaja con alumnos en esta etapa particular de la vida.<\/p>\n\n\n\n<p>Esta carrera forma futuros profesores que, desde una concepci\u00f3n de persona, se ocupen eficazmente en el desempe\u00f1o de la tarea educadora en instituciones p\u00fablicas de gesti\u00f3n estatal y privada, y quienes, trabajando junto a otros profesionales, puedan dise\u00f1ar, ejecutar y evaluar proyectos educativos y socioculturales en el contexto complejo de la sociedad actual.<\/p>\n\n\n\n<p>Programa <\/p>\n\n\n\n<p><strong>Primer a\u00f1o<\/strong><\/p>\n\n\n\n<ul><li>Perspectiva Filos\u00f3fico &#8211; Pedag\u00f3gica I<\/li><li>Perspectiva Pedag\u00f3gico &#8211; Did\u00e1ctica I<\/li><li>Perspectiva Sociopol\u00edtica<\/li><li>Psicolog\u00eda y Cultura en la Educaci\u00f3n<\/li><li>Filosof\u00eda I<\/li><li>Psicolog\u00eda General<\/li><li>Fisiolog\u00eda Humana<\/li><li>L\u00f3gica y epistemolog\u00eda de las Ciencias<\/li><li>Espacio de la Pr\u00e1ctica Docente I<\/li><\/ul>\n\n\n\n<p><strong>Segundo a\u00f1o<\/strong><\/p>\n\n\n\n<ul><li>Perspectiva Filos\u00f3fico &#8211; Pedag\u00f3gica II<\/li><li>Perspectiva Pedag\u00f3gico &#8211; Did\u00e1ctica II<\/li><li>Psicolog\u00eda y Cultura del Alumno de Educaci\u00f3n Polimodal<\/li><li>Filosof\u00eda II<\/li><li>Psicolog\u00eda General II<\/li><li>Teor\u00eda Psicoanal\u00edtica I<\/li><li>Psicoestad\u00edstica<\/li><li>Antropolog\u00eda Cultural y Social<\/li><li>Psicolog\u00eda del Desarrollo I<\/li><li>Espacio de la Pr\u00e1ctica Docente II<\/li><\/ul>\n\n\n\n<p><strong>Tercer a\u00f1o<\/strong><\/p>\n\n\n\n<ul><li>Perspectiva Filos\u00f3fico \u2013 Pedag\u00f3gico Did\u00e1ctica<\/li><li>Perspectiva Pol\u00edtico &#8211; Institucional<\/li><li>Psicolog\u00eda Contempor\u00e1nea<\/li><li>Psicolog\u00eda Social<\/li><li>Teor\u00eda y T\u00e9cnicas de la Exploraci\u00f3n I<\/li><li>Psicofisiolog\u00eda del Sistema Nervioso<\/li><li>Teor\u00eda Psicoanal\u00edtica II<\/li><li>Psicolog\u00eda del Desarrollo II<\/li><li>Psicolog\u00eda Gen\u00e9tica<\/li><li>Espacio de la Pr\u00e1ctica Docente III<\/li><\/ul>\n\n\n\n<p><strong>Cuarto a\u00f1o<\/strong><\/p>\n\n\n\n<ul><li>Psicopedagog\u00eda<\/li><li>Psicolog\u00eda del Aprendizaje y Psicolog\u00eda Cognitiva<\/li><li>Psicolog\u00eda Cl\u00ednica<\/li><li>Psicopatolog\u00eda<\/li><li>Psicolog\u00eda Laboral<\/li><li>Psicolog\u00eda Institucional<\/li><li>Psicolog\u00eda Experimental<\/li><li>Psicolog\u00eda e Historia de las Religiones<\/li><li>Teor\u00eda y T\u00e9cnicas de la Exploraci\u00f3n II<\/li><li>Integraci\u00f3n del Alumno \u2013 Gabinete Escolar<\/li><li>Orientaci\u00f3n Profesional y Vocacional \u2013 Problemas de Aprendizaje<\/li><li>Espacio de la Pr\u00e1ctica Docente IV<\/li><li>Residencias<\/li><\/ul>\n\n\n\n<p><\/p>\n","protected":false},"excerpt":{"rendered":"<p>Descripci\u00f3n Profesorado de educaci\u00f3n secundaria en psicolog\u00eda ser\u00e1 un profesional capaz de asumirse y asumir con disposici\u00f3n la tarea docente, integrando saberes complejos y actuales en relaci\u00f3n a los procesos de desarrollo, teor\u00edas y escuelas psicol\u00f3gicas que los sustentan, la construcci\u00f3n de la personalidad, los procesos de ense\u00f1anza y aprendizaje. Esta construcci\u00f3n se articular\u00e1 en &#8230; <a title=\"Profesorado de Psicolog\u00eda\" class=\"read-more\" href=\"https:\/\/isfdyt145-bue.infd.edu.ar\/sitio\/profesorado-de-psicologia\/\" aria-label=\"More on Profesorado de Psicolog\u00eda\">[+]<\/a><\/p>\n","protected":false},"author":11,"featured_media":0,"parent":0,"menu_order":0,"comment_status":"closed","ping_status":"closed","template":"","meta":[],"acf":[],"_links":{"self":[{"href":"https:\/\/isfdyt145-bue.infd.edu.ar\/sitio\/wp-json\/wp\/v2\/pages\/1037"}],"collection":[{"href":"https:\/\/isfdyt145-bue.infd.edu.ar\/sitio\/wp-json\/wp\/v2\/pages"}],"about":[{"href":"https:\/\/isfdyt145-bue.infd.edu.ar\/sitio\/wp-json\/wp\/v2\/types\/page"}],"author":[{"embeddable":true,"href":"https:\/\/isfdyt145-bue.infd.edu.ar\/sitio\/wp-json\/wp\/v2\/users\/11"}],"replies":[{"embeddable":true,"href":"https:\/\/isfdyt145-bue.infd.edu.ar\/sitio\/wp-json\/wp\/v2\/comments?post=1037"}],"version-history":[{"count":8,"href":"https:\/\/isfdyt145-bue.infd.edu.ar\/sitio\/wp-json\/wp\/v2\/pages\/1037\/revisions"}],"predecessor-version":[{"id":1076,"href":"https:\/\/isfdyt145-bue.infd.edu.ar\/sitio\/wp-json\/wp\/v2\/pages\/1037\/revisions\/1076"}],"wp:attachment":[{"href":"https:\/\/isfdyt145-bue.infd.edu.ar\/sitio\/wp-json\/wp\/v2\/media?parent=1037"}],"curies":[{"name":"wp","href":"https:\/\/api.w.org\/{rel}","templated":true}]}}